{"id":2970,"date":"2021-10-05T18:57:55","date_gmt":"2021-10-05T16:57:55","guid":{"rendered":"https:\/\/www.brignoles-bijouterie.fr\/wp\/?page_id=2970"},"modified":"2021-10-07T14:57:49","modified_gmt":"2021-10-07T12:57:49","slug":"conditions-de-retour","status":"publish","type":"page","link":"https:\/\/www.brignoles-bijouterie.fr\/?page_id=2970","title":{"rendered":"Conditions de retour"},"content":{"rendered":"\n<p><\/p>\n\n\n\n<p>Le pr\u00e9sent article ne s&#8217;applique pas au Click&amp;Collect c&#8217;est-\u00e0-dire dans le cas d&#8217;une r\u00e9servation via ce site (Click ) et d&#8217;un retrait et paiement en Boutique ( 6, rue Lice de Signon) .<\/p>\n\n\n\n<p><strong>Dans le cadre d&#8217;un achat par internet<\/strong> <strong>via le pr\u00e9sent site, <\/strong>le client a un d\u00e9lai de 14 jours pour renvoyer, \u00e0 ses frais, la marchandise au Vendeur, \u00e0 l&#8217;adresse qui lui a \u00e9t\u00e9 indiqu\u00e9e. La responsabilit\u00e9 du client peut \u00eatre engag\u00e9e en cas de d\u00e9pr\u00e9ciation des biens r\u00e9sultant de manipulations autres que celles n\u00e9cessaires pour \u00e9tablir la nature, les caract\u00e9ristiques et le bon fonctionnement de ces biens. Brignoles Bijouterie recommande au consommateur d&#8217;effectuer le retour de ses produits en Colissimo muni d&#8217;une recommandation ou d&#8217;une assurance compl\u00e9mentaire lui garantissant, le cas \u00e9ch\u00e9ant, l&#8217;indemnisation des produits \u00e0 hauteur de leur valeur marchande r\u00e9elle en cas de spoliation ou de perte de cette marchandise.<\/p>\n\n\n\n<p>Important\u00a0: P<strong>our que vos produits retourn\u00e9s soient accept\u00e9s par nos \u00e9quipes ils doivent nous \u00eatre renvoy\u00e9s dans un \u00e9tat permettant leur remise en vente et conditionn\u00e9 dans leur emballage d&#8217;origine<\/strong>. Tout produit ab\u00eem\u00e9 ne sera pas accept\u00e9.<\/p>\n\n\n\n<p>Remboursement &#8211; Le Vendeur rembourse tous les paiements re\u00e7us, y compris les frais de livraison dans le cas d&#8217;un retour de commande compl\u00e8te, \u00e0 l&#8217;exception des frais suppl\u00e9mentaires d\u00e9coulant du fait que le client ait choisi, le cas \u00e9ch\u00e9ant, un mode de livraison autre que le mode de livraison le moins on\u00e9reux propos\u00e9 par le Vendeur lors de la commande. Le Vendeur proc\u00e8de au remboursement dans les 14 jours suivant la notification de la r\u00e9tractation en utilisant le m\u00eame moyen de paiement que celui utilis\u00e9 pour la transaction initiale, sauf accord expr\u00e8s du client pour l&#8217;utilisation d&#8217;un moyen diff\u00e9rent tel qu&#8217;un avoir sur le compte du client qui se d\u00e9duira de la ou des commandes suivantes . Le Vendeur peut diff\u00e9rer le remboursement jusqu&#8217;\u00e0 r\u00e9ception du bien ou jusqu&#8217;\u00e0 r\u00e9ception d&#8217;une preuve de l&#8217;exp\u00e9dition du bien, la date retenue \u00e9tant celle du premier de ces faits.<\/p>\n\n\n\n<p>Exclusions &#8211; Le droit de r\u00e9tractation est exclu pour les produits et services list\u00e9s \u00e0 l&#8217;article L.221-28 du code de la consommation tels que les produits personnalis\u00e9s comme les breloques personnalis\u00e9es ou les articles \u00e0 la coupe.<\/p>\n","protected":false},"excerpt":{"rendered":"<p>Le pr\u00e9sent article ne s&#8217;applique pas au Click&amp;Collect c&#8217;est-\u00e0-dire dans le cas d&#8217;une r\u00e9servation via ce site (Click ) et d&#8217;un retrait et paiement en Boutique ( 6, rue Lice de Signon) . Dans le cadre d&#8217;un achat par internet via le pr\u00e9sent site, le client a un d\u00e9lai de<\/p>\n","protected":false},"author":1,"featured_media":0,"parent":0,"menu_order":0,"comment_status":"closed","ping_status":"closed","template":"","meta":{"footnotes":""},"class_list":["post-2970","page","type-page","status-publish","hentry"],"_links":{"self":[{"href":"https:\/\/www.brignoles-bijouterie.fr\/index.php?rest_route=\/wp\/v2\/pages\/2970","targetHints":{"allow":["GET"]}}],"collection":[{"href":"https:\/\/www.brignoles-bijouterie.fr\/index.php?rest_route=\/wp\/v2\/pages"}],"about":[{"href":"https:\/\/www.brignoles-bijouterie.fr\/index.php?rest_route=\/wp\/v2\/types\/page"}],"author":[{"embeddable":true,"href":"https:\/\/www.brignoles-bijouterie.fr\/index.php?rest_route=\/wp\/v2\/users\/1"}],"replies":[{"embeddable":true,"href":"https:\/\/www.brignoles-bijouterie.fr\/index.php?rest_route=%2Fwp%2Fv2%2Fcomments&post=2970"}],"version-history":[{"count":2,"href":"https:\/\/www.brignoles-bijouterie.fr\/index.php?rest_route=\/wp\/v2\/pages\/2970\/revisions"}],"predecessor-version":[{"id":3037,"href":"https:\/\/www.brignoles-bijouterie.fr\/index.php?rest_route=\/wp\/v2\/pages\/2970\/revisions\/3037"}],"wp:attachment":[{"href":"https:\/\/www.brignoles-bijouterie.fr\/index.php?rest_route=%2Fwp%2Fv2%2Fmedia&parent=2970"}],"curies":[{"name":"wp","href":"https:\/\/api.w.org\/{rel}","templated":true}]}}